are the prime factors of 6544415?
5, 1308883
What are the prime factors of 1478170?
2, 5, 53, 2789
What are the prime factors of 3734502?
2, 3, 83, 7499
What are the prime factors of 293018?
2, 11, 19, 701
List the prime factors of 17640947.
41, 430267
What are the prime factors of 1212341?
13, 93257
List the prime factors of 1386769.
293, 4733
List the prime factors of 150789.
3, 50263
List the prime factors of 205022.
2, 23, 4457
List the prime factors of 989817.
3, 43, 7673
List the prime factors of 3552846.
2, 3, 11, 53831
What are the prime factors of 4910785?
5, 11, 8117
What are the prime factors of 2069258?
2, 73, 14173
What are the prime factors of 190699?
190699
List the prime factors of 47980.
2, 5, 2399
List the prime factors of 209645.
5, 23, 1823
What are the prime factors of 353899?
7, 13, 3889
List the prime factors of 2659415.
5, 11, 48353
List the prime factors of 938968.
2, 117371
List the prime factors of 6002659.
13, 389, 1187
List the prime factors of 6055183.
727, 8329
List the prime factors of 10751886.
2, 3, 199109
List the prime factors of 11468054.
2, 13, 441079
List the prime factors of 3120259.
181, 17239
List the prime factors of 7470553.
19, 393187
List the prime factors of 1120104.
2, 3, 47, 331
What are the prime factors of 23313?
3, 19, 409
What are the prime factors of 196494?
2, 3, 32749
List the prime factors of 31170558.
2, 3, 1051, 4943
List the prime factors of 20050727.
20050727
What are the prime factors of 18113455?
5, 31, 137, 853
List the prime factors of 247351.
13, 53, 359
What are the prime factors of 67261?
67261
List the prime factors of 1061869.
1061869
List the prime factors of 139008.
2, 3, 181
What are the prime factors of 240207?
3, 11, 29, 251
List the prime factors of 7797081.
3, 61, 137, 311
List the prime factors of 302410.
2, 5, 30241
What are the prime factors of 149123?
13, 11471
List the prime factors of 114474.
2, 3, 19079
List the prime factors of 31148.
2, 13, 599
List the prime factors of 1871913.
3, 67, 139
What are the prime factors of 580294?
2, 11, 13, 2029
List the prime factors of 3460527.
3, 7, 19, 59
List the prime factors of 3894164.
2, 19, 51239
What are the prime factors of 24123?
3, 11, 17, 43
What are the prime factors of 204020?
2, 5, 101
What are the prime factors of 672814?
2, 67, 5021
List the prime factors of 76612.
2, 107, 179
What are the prime factors of 198033?
3, 11, 17, 353
What are the prime factors of 78098?
2, 17, 2297
List the prime factors of 363413.
19, 31, 617
List the prime factors of 95018.
2, 7, 11, 617
List the prime factors of 828486.
2, 3, 46027
List the prime factors of 2223249.
3, 7, 23, 4603
What are the prime factors of 2813043?
3, 937681
What are the prime factors of 1000872?
2, 3, 13901
List the prime factors of 170349.
3, 56783
List the prime factors of 28447200.
2, 3, 5, 439
What are the prime factors of 292096?
2, 7, 163
List the prime factors of 30195152.
2, 13, 179, 811
List the prime factors of 154025.
5, 61, 101
List the prime factors of 583566.
2, 3, 19, 5119
List the prime factors of 110897.
43, 2579
List the prime factors of 214000.
2, 5, 107
List the prime factors of 121573.
61, 1993
List the prime factors of 17614842.
2, 3, 7, 419401
List the prime factors of 12495684.
2, 3, 1041307
List the prime factors of 8064531.
3, 19, 47161
List the prime factors of 34214695.
5, 1949, 3511
What are the prime factors of 63144?
2, 3, 877
What are the prime factors of 35673825?
3, 5, 11, 3931
List the prime factors of 1085060.
2, 5, 227, 239
List the prime factors of 3142765.
5, 421, 1493
List the prime factors of 10065130.
2, 5, 1006513
List the prime factors of 3563602.
2, 7, 19, 13397
List the prime factors of 492713.
13, 151, 251
What are the prime factors of 3596609?
29, 124021
What are the prime factors of 31407762?
2, 3, 5234627
List the prime factors of 187792.
2, 11, 97
List the prime factors of 389195.
5, 77839
List the prime factors of 581118.
2, 3, 23, 4211
What are the prime factors of 368065?
5, 73613
What are the prime factors of 461818?
2, 7, 32987
List the prime factors of 356000.
2, 5, 89
What are the prime factors of 1557509?
1557509
What are the prime factors of 16027?
11, 31, 47
List the prime factors of 597460.
2, 5, 29873
List the prime factors of 22251710.
2, 5, 13, 171167
What are the prime factors of 11035489?
11035489
List the prime factors of 530980.
2, 5, 139, 191
What are the prime factors of 4520112?
2, 3, 94169
List the prime factors of 152343.
3, 16927
List the prime factors of 2611077.
3, 7, 124337
What are the prime factors of 635832?
2, 3, 8831
What are the prime factors of 59708?
2, 11, 23, 59
List the prime factors of 375495.
3, 5, 25033
List the prime factors of 801306.
2, 3, 11, 19, 71
List the prime factors of 3518804.
2, 879701
List the prime factors of 216851.
216851
What are the prime factors of 12146060?
2, 5, 607303
What are the prime factors of 168955?
5, 33791
What are the prime factors of 4331960?
2, 5, 37, 2927
What are the prime factors of 11539462?
2, 11, 524521
What are the prime factors of 2650081?
7, 378583
List the prime factors of 262705.
5, 52541
List the prime factors of 1082773.
29, 37337
List the prime factors of 501709.
13, 38593
What are the prime factors of 3510407?
127, 131, 211
What are the prime factors of 479176?
2, 89, 673
What are the prime factors of 462042?
2, 3, 7, 19, 193
What are the prime factors of 323524?
2, 29, 2789
List the prime factors of 1226169.
3, 7, 19463
What are the prime factors of 135509?
11, 97, 127
What are the prime factors of 437971?
17, 25763
List the prime factors of 1100811.
3, 29, 12653
What are the prime factors of 64710?
2, 3, 5, 719
What are the prime factors of 17878?
2, 7, 1277
What are the prime factors of 766692?
2, 3, 31, 229
List the prime factors of 392472.
2, 3, 23, 79
List the prime factors of 8879400.
2, 3, 5, 4933
List the prime factors of 431945.
5, 86389
What are the prime factors of 3373528?
2, 421691
What are the prime factors of 3514154?
2, 7, 103, 2437
What are the prime factors of 2191486?
2, 11, 23, 61, 71
What are the prime factors of 28324530?
2, 3, 5, 13, 43, 563
List the prime factors of 286299.
3, 13, 2447
What are the prime factors of 4878467?
11, 29, 41, 373
List the prime factors of 2342888.
2, 61, 4801
What are the prime factors of 137126?
2, 11, 23, 271
List the prime factors of 271117.
7, 11, 503
List the prime factors of 591155.
5, 137, 863
What are the prime factors of 90509?
29, 3121
List the prime factors of 21479636.
2, 17, 1093
List the prime factors of 448318.
2, 13, 43, 401
What are the prime factors of 2377940?
2, 5, 118897
What are the prime factors of 139546?
2, 11, 6343
What are the prime factors of 183204?
2, 3, 7, 727
What are the prime factors of 85800?
2, 3, 5, 11, 13
List the prime factors of 1232952.
2, 3, 7, 41, 179
What are the prime factors of 11708190?
2, 3, 5, 13, 10007
List the prime factors of 36766194.
2, 3, 1373, 4463
What are the prime factors of 5678959?
11, 13, 151, 263
What are the prime factors of 2745046?
2, 181, 7583
What are the prime factors of 9281175?
3, 5, 67, 1847
What are the prime factors of 455088?
2, 3, 19, 499
List the prime factors of 10356501.
3, 19, 181693
List the prime factors of 427463.
43, 9941
What are the prime factors of 8219751?
3, 43, 63719
List the prime factors of 15462.
2, 3, 859
What are the prime factors of 182735?
5, 7, 23, 227
List the prime factors of 96890.
2, 5, 9689
What are the prime factors of 13648942?
2, 59, 103, 1123
What are the prime factors of 23677692?
2, 3, 43, 45887
What are the prime factors of 3148109?
3148109
List the prime factors of 1773239.
13, 136403
List the prime factors of 10504914.
2, 3, 7, 35731
List the prime factors of 2083298.
2, 7, 67, 2221
What are the prime factors of 2396148?
2, 3, 199679
List the prime factors of 321896.
2, 40237
List the prime factors of 759094.
2, 7, 59, 919
List the prime factors of 37791469.
37791469
List the prime factors of 26489.
26489
List the prime factors of 25237737.
3, 7, 37, 401
List the prime factors of 18928151.
11, 14221
List the prime factors of 20370841.
20370841
What are the prime factors of 28235821?
29, 43, 22643
List the prime factors of 259688.
2, 11, 13, 227
What are